 = 5*n - 4*y, -2*y + 180 = n. What is the highest common divisor of n and 16?
16
Suppose -109*m - 22 = -110*m. What is the greatest common factor of m and 33?
11
Suppose 2*d + 27 = -169. Let s be (-10)/(-5) - (d - 0). Let z be (2/(-4))/(-1)*20. Calculate the highest common factor of z and s.
10
Let b = 5 - 1. Suppose -b*x = -x. Suppose 3*t + x*t + 78 = 2*z, 4 = -2*t. Calculate the greatest common factor of 18 and z.
18
Let h be (-3)/(3 - 22/7). Calculate the greatest common factor of 42 and h.
21
Suppose -4*x - 2*m = 14 - 46, 5*x = -2*m + 38. Let v(k) = k**2 - 4*k - 4. Let g be v(x). Let p = 146 + -82. What is the greatest common divisor of g and p?
8
Let v(b) = -4*b - 7. Let x = 2 - -3. Let t be v(x). Let f be (-156)/t - (-4)/18. Calculate the greatest common divisor of 6 and f.
6
Let a = 53 - 74. Let v be (2/3)/((-2)/a). Suppose -3*j - 2*t = -29 - v, 0 = -2*j + 2*t + 14. What is the highest common divisor of j and 70?
10
Let c(p) = -p. Let i be c(-2). Let t be (-174)/(-16) + i/16. Calculate the highest common factor of t and 77.
11
Suppose j + 2*g = -12 + 1, -3*g = 12. Let w be (-138)/(-18) - 1/j. What is the highest common factor of w and 2?
2
Suppose 4*f + 2*b - 396 = 0, -3*b - 136 - 46 = -2*f. Let d = -57 + f. Suppose d = 4*p - 3*p. What is the highest common divisor of p and 8?
8
Let q be 18/(-22) - 10/55. Let d(h) = -h + 3. Let z be d(2). Let j be q + z + 1 - -17. What is the highest common factor of 9 and j?
9
Let h = 98 + -33. Calculate the greatest common factor of 13 and h.
13
Let i be (1/(-5))/((-2)/10). Let b be (2/2)/(i/2). Calculate the highest common divisor of b and 3.
1
Let q = 466 + -196. Calculate the highest common divisor of q and 27.
27
Suppose -2*d + 25 = 3*y, 0 = 3*y - 0*d + 3*d - 30. Suppose 95 = y*w - 5*z, 7*w - 2*w + 4*z - 86 = 0. What is the greatest common divisor of w and 9?
9
Let i(m) = -m**2 + 8*m + 4. Let s be i(8). Suppose 5*p + 112 = 3*r, r + r - 90 = s*p. Let f = p + 68. Calculate the greatest common divisor of f and 9.
9
Let b(z) = 3*z - 3. Let v be b(4). Let f = -6 + v. Suppose y + 8 + 51 = 4*u, -2*u - f*y + 47 = 0. What is the highest common divisor of 24 and u?
8
Let l(t) = -19*t**2 - 10*t + 7. Let j(q) = 38*q**2 + 21*q - 15. Let g(x) = -6*j(x) - 13*l(x). Let a be g(4). What is the greatest common divisor of a and 29?
29
Let n(u) = -u**3 - 6*u**2 - 3*u - 7. Let j be n(-6). Let a = 52 + j. What is the highest common divisor of 7 and a?
7
Let h = -156 + 309. What is the greatest common factor of h and 17?
17
Let a be (-8)/10*180/(-8). Let b = -5 + a. Calculate the highest common divisor of 65 and b.
13
Let o be 494/8 - (-2)/8. Suppose 0 = -2*g - 4*d + 40, 5*d + o = 3*g - 53. Let u = 3 - -9. Calculate the greatest common divisor of u and g.
6
Let l(o) = o**3 - 3*o**2 + 6*o - 6. Let p be l(3). Calculate the highest common divisor of 192 and p.
12
Suppose 5*p - 5*f = 320, -p + 6 = 4*f - 33. Let h = p + -41. What is the highest common factor of 9 and h?
9
Suppose 4*b - 13 = 27. Suppose -m + 30 = 5*v, 5*m - 3*v + 21 = 143. Calculate the highest common factor of b and m.
5
Let z be 6/(-3) + 1*-3. Let r(u) = -u**3 - 6*u**2 - 6*u + 1. Let p be r(z). Suppose 6*a = a + 270. What is the greatest common divisor of p and a?
6
Suppose -d + 9 + 2 = 0. Suppose -11*s + 286 = 2*s. What is the highest common divisor of s and d?
11
Suppose 0 = 23*y - 25*y + 46. Calculate the highest common divisor of 23 and y.
23
Let k(p) = 21*p + 7. Let f be k(5). Let j = 43 - 29. What is the highest common divisor of j and f?
14
Let p(y) = -y**3 - 18*y**2 - 21*y - 41. Let i be p(-17). What is the highest common factor of 27 and i?
27
Let d(u) = u**2 - 2. Let p be d(2). Let t(w) = w**p + 4*w**2 + 3*w**2. Let b be t(1). Calculate the greatest common divisor of 4 and b.
4
Let o(d) = -d**3 - 2*d**2 - 5*d + 6. Let f be o(-3). What is the greatest common divisor of f and 90?
30
Let u be 42/4*(-112)/(-12). Calculate the greatest common divisor of u and 14.
14
Let o = 22 + 173. What is the highest common factor of o and 65?
65
Suppose w = -5*n - 113, 588 = -5*w - n - n. Let m = -23 - w. What is the highest common factor of m and 38?
19
Let m = 103 + -95. What is the greatest common divisor of m and 16?
8
Let p(w) = 7*w**2 + 24*w - 29. Let r(j) = -4*j**2 - 12*j + 15. Let d(u) = -3*p(u) - 5*r(u). Let m be d(-12). What is the highest common factor of m and 96?
12
Suppose 3*w + 339 = -3*d, 5*w - 103 + 14 = d. Let r = d - -165. Let b be 6/1 + 1 + 1. What is the greatest common divisor of r and b?
8
Let r(v) = v**2 - 4*v + 3. Let x be r(4). Suppose g = x*g. Suppose -5*t = -2*u - 12, 4*t + 0*t - 5*u - 13 = g. What is the highest common divisor of 18 and t?
2
Let y(z) = -z**3 - z + 14. Let g be y(0). Calculate the highest common divisor of 42 and g.
14
Let f be (-8)/(-20) - (-23)/5. Let s(y) = 0*y + 3*y - y + 4*y. Let a be s(f). Calculate the highest common factor of a and 12.
6
Let m(i) = 10*i**3 + 3*i**2 - 2*i + 2. Let s be m(2). Let v = 164 - s. Let d = v - 8. Calculate the highest common factor of 6 and d.
6
Let n be 6 - 3 - (-3 + 1). Suppose 5*y + 0*y + w = 6, n*w = -3*y - 14. What is the highest common factor of y and 1?
1
Let f(x) be the second derivative of 3*x**4 - x**2/2 + x. Let v be f(-1). Suppose -2*q = -0*q - 14. Calculate the greatest common divisor of v and q.
7
Let s(a) = 3*a + 12. Let w be s(4). What is the highest common divisor of 264 and w?
24
Let v = -2 - -8. Let t = v + 4. Suppose -14 = -2*w + t. Calculate the highest common factor of 24 and w.
12
Suppose -8*d + 3*d + 15 = 0. What is the highest common factor of d and 24?
3
Let d be (-6 + 8)/((-2)/7). Let b = 21 + d. Calculate the greatest common factor of 56 and b.
14
Let z = 261 + -162. Let g = 10 + -14. Let l(u) = -4*u - 7. Let a be l(g). Calculate the greatest common divisor of z and a.
9
Let d(a) = a**2 + 11*a + 6. Let x be d(-9). Let t be (x/(-84))/((-1)/(-7)). What is the greatest common factor of t and 1?
1
Suppose 0 = -5*n + 7 + 28. Let q be (0 - 0 - 38)*-4. Suppose 5*m = -5*j + 2*m + q, 0 = j - 5*m - 8. Calculate the greatest common divisor of n and j.
7
Let i = 130 - 85. Let u(x) = -2*x - 17. Let s be u(-13). Calculate the greatest common divisor of s and i.
9
Suppose 4*r - 2*r + 28 = 0. Let y be 9/(-6)*r/3. Let k = -1 + y. Calculate the highest common divisor of 48 and k.
6
Let u = 121 - 84. What is the highest common divisor of 259 and u?
37
Let l be 9/(-2)*40/12. Let b = 18 + l. What is the greatest common factor of 3 and b?
3
Suppose -2*g = -6*g - 3*n + 325, 4*g + 5*n = 315. Calculate the greatest common divisor of g and 17.
17
Suppose -n + 2*r + 5 = 0, n - 5*r = 12 - 4. What is the greatest common factor of 3 and n?
3
Let p be (2*1)/(4/6). Let v(k) = -2*k - 7. Let w be v(-6). Suppose 4*l = -l + w. Calculate the highest common divisor of p and l.
1
Let f(l) = -l + 27. Let z be f(8). Calculate the greatest common divisor of 57 and z.
19
Suppose -d - 2*d = -150. Suppose 5*i + 0*i = 50. Calculate the highest common factor of i and d.
10
Suppose -4*q = -3*p - 94, -2*q - 5*p = -p - 58. What is the highest common factor of q and 25?
25
Let q be 162 - 9/(0 - 3). What is the highest common divisor of q and 15?
15
Suppose 0 = -2*g - 3*g + 85. Let n be 2*(-3 + (8 - 3)). Suppose 5*r + 399 = 2*c, -n*c + 5*r + 21 = -752. Calculate the greatest common divisor of c and g.
17
Let f = -16 - -22. What is the highest common divisor of f and 24?
6
Let h = 73 - 129. Let r = h + 89. What is the highest common divisor of r and 22?
11
Suppose -4*t + 5*v + 25 = 0, 0 = -4*t - v - 4*v + 15. Calculate the greatest common factor of 40 and t.
5
Suppose -9*l + 5*l + 48 = 0. Calculate the greatest common factor of l and 96.
12
Suppose -3*u + 231 = -0*u. Suppose 3*j = -2*s + 37, -2*j + 4*s + 14 = -0*s. Calculate the highest common factor of j and u.
11
Suppose b = 3*k - 308, 0 = -k + 6*k + b - 508. What is the greatest common divisor of 17 and k?
17
Suppose 3*t - 407 = -95. Calculate the highest common factor of 26 and t.
26
Let k = 5 + -13. Let v = 18 + k. Calculate the greatest common divisor of 10 and v.
10
Let m(h) = h + 1. Let w be m(1). Let x(b) = b**3 + 3*b**2 - 2*b + 1. Let k be x(w). Calculate the greatest common factor of k and 85.
17
Suppose -13 = 2*n + 9. Let x = n - -17. Calculate t